f (-27)/b*(-16 - -2)?
3
Let t(r) = 20*r**2 + 4*r - 3. Suppose -94 + 95 = n. Suppose 0 = 20*x - 21*x + n. What is the tens digit of t(x)?
2
Let x be (-10)/((-35)/11 - -3). Let z = -50 + x. Suppose 4*o - 5*j = -j + 720, -3*o - z*j + 580 = 0. What is the units digit of o?
5
Suppose -5*k + 3*x = -155641, -13*k = -2*k - 3*x - 342403. What is the tens digit of k?
2
Let u = -79 + 43. Let c = 30 + u. Let z(i) = 3*i**2 + 5*i + 7. What is the tens digit of z(c)?
8
Suppose -2*f = -7*f - 8*f + 122798. What is the thousands digit of f?
9
Let a be 6 - 444/72 - (-18007)/6. Suppose 9*v - 12262 = -a. What is the hundreds digit of v?
0
Let z be -1*(2 - 2)*(-2 - -3). Suppose 4*w + 20 = z, 1748 = 5*m + w + 253. What is the tens digit of m?
0
Let z(h) = 3*h**2 + 5*h + 5. Let b be z(-2). Suppose -3*q + 24 = -b*q. What is the tens digit of (1015/15 - 3)*q/(-4)?
9
Let x be (-114)/38*((-66)/9 + -1). Suppose -x*p + 181 = -24*p - 3*n, 0 = n + 2. What is the units digit of p?
5
Suppose -318 = 17*t - 114. What is the units digit of (-6 - t)/(-6) + 102?
1
Suppose -7*i - k = -2*i - 23, 3*i - 3*k - 3 = 0. Let r be 6/21 + 38/14. Suppose 15 = c - 3*w - 32, -i*w = r*c - 115. What is the tens digit of c?
4
Let l(c) = c**2 - 118*c - 153. What is the hundreds digit of l(-45)?
1
Let a = -75379 + 147351. What is the units digit of a?
2
Let g(s) = -s**3 - 18*s**2 - 4*s - 14. Let y(j) = 393 - 2*j - 391 - j**3 + j**2 - 3*j**2. Let k be y(2). What is the tens digit of g(k)?
5
Let z(q) be the first derivative of -q**3/3 - 11*q**2 - 26*q - 11. Suppose -5*s - 31 - 44 = 0. What is the units digit of z(s)?
9
Let z(x) = -x**2 + 26*x - 1966. Let h be z(0). What is the tens digit of ((-17)/34)/(1*1/h)?
8
Let n = 22892 + 10760. What is the units digit of n?
2
Let x(p) = 176*p**3 - 3*p - 2. Let h(c) = -2*c - 1. Let z be h(0). Let u be x(z). Let f = u + 252. What is the units digit of f?
7
Let j = -595 - -649. Suppose -1610 + 584 = -j*p. What is the tens digit of p?
1
Let y be (3 - (-52)/6)/(1/(-3)). Let h = -30 - y. What is the units digit of ((-12)/(-9))/(h/360)?
6
Let i = 7 + -5. Suppose -4*t - 2*s + 22 = 0, -3*s - 7 = i*t - t. Let o(y) = 16*y + 11. What is the tens digit of o(t)?
3
Let i(s) = 7*s + 5654 - 5634 + 6*s + 62*s**2. What is the hundreds digit of i(-4)?
9
Suppose 0 = 5*n - 6*n + 2. Suppose -u = -8*u - n*u. Suppose -5*c + 191 - 51 = u. What is the units digit of c?
8
Let l(o) = 140*o**2 - 67*o + 1434. What is the hundreds digit of l(14)?
9
Suppose 7*j - 3 = 18. Suppose j*b + 25 - 34 = 0. What is the tens digit of b*-7*6/(-18)*7?
4
Let r(n) = 6991*n**3 - 10*n**2 - 24*n + 46. What is the tens digit of r(2)?
8
Suppose 0 = -z - 4*w, -5*w + w = 0. Let m be 5 - z - (-4 + -215). Let g = -126 + m. What is the tens digit of g?
9
Let u(l) = -3*l**3 - 3*l**2 + l - 3. Suppose -5*o - 8 = -8. Suppose i + 9 = -3*r - o*i, -3*i + 15 = -5*r. What is the tens digit of u(r)?
4
Suppose 16*x = 7*x + 166392. What is the units digit of x?
8
Suppose 0 = 15*x - 7885 - 112520. What is the thousands digit of x?
8
Suppose 43 = 4*t + 7. Suppose -12*o - 3 = -t*o. What is the units digit of (68 - (-3)/(-3)) + (o - 1)?
5
Let p(m) = 22*m**3 - 144*m**2 + 12*m + 2. What is the hundreds digit of p(7)?
5
Let u(s) = -1648*s - 5333. What is the tens digit of u(-24)?
1
Let g = 184 + -113. Let j be 22/(176/12)*42. Suppose t - g = -3*c, 6 = t + c - j. What is the units digit of t?
8
Let a(v) = -7*v**3 - 3*v**2 - v. Let h be a(4). What is the units digit of -4 + (0 - -1) + 4 - h?
1
Suppose -4*c + 3 = -5. Suppose -8*j + 721 = 697. What is the units digit of (-283)/(-3) + c/j?
5
Let f = 1158 - -33395. What is the thousands digit of f?
4
Let t(y) = -1526*y + 8870. What is the hundreds digit of t(-26)?
5
Let b be (-2)/(-13) - 259/(-91). Suppose 2*d + 848 = 4*r - 740, b*r - 2*d - 1190 = 0. What is the tens digit of r?
9
Let k(h) = -h**3 + 50*h**2 + 39*h - 809. What is the units digit of k(49)?
3
Let i(c) = c**2 - 3*c - 118. Let h be i(25). Suppose -h = -6*b - 0*b. What is the units digit of b?
2
Suppose -w - 5*i = -19336, 58025 = 66*w - 63*w - 2*i. What is the thousands digit of w?
9
What is the units digit of (-3)/7 - (-6831000)/770?
1
Let r(w) = -4*w + 4. Let c = 150 - 150. Let l be r(c). Suppose 0*g - 375 = -2*g - 3*v, l*v + 340 = 2*g. What is the tens digit of g?
8
Let g(t) = t**3 + 7*t**2 - 10*t + 56. Let w be g(-9). Suppose x - 4 = -0, 5*j + 258 = 2*x. Let b = w - j. What is the units digit of b?
4
Suppose 13*m = 11*m + 10. Suppose 0 = -m*g - 177 - 213. What is the tens digit of 6/(-39) - 6954/g?
8
Let b(f) = -f**3 - 5*f**2 + f + 6. Let j be b(-5). Let k be (1 - -1) + j + (47 - 45). What is the tens digit of k/30 + 15/18 - -20?
2
Let u = 67 + -62. Let f be -1 - ((-16)/10)/(10/25). Suppose 6*t - t = -u*y + 760, -f*y + 468 = -3*t. What is the hundreds digit of y?
1
Suppose -5*t + 12*w = 11*w - 355, 3*t - 3*w = 201. Let r = 370 + t. What is the hundreds digit of r?
4
Suppose 0 = -2*y - 4*m + 44436, 0 = 2*y + 3*y - 2*m - 111174. What is the hundreds digit of y?
2
Suppose 0 = 4*p + 2 - 22. Suppose 0 = p*b - 68 + 48. Suppose 100 = b*v + v. What is the units digit of v?
0
Let o(h) = -2*h + 2. Let d be o(-1). Suppose 15 = -d*s + 9*s. Suppose -5*m + 5*q = -289 - 146, 2*m - s*q = 172. What is the tens digit of m?
8
Let i(h) = 24*h**2 + 23*h - 301. What is the thousands digit of i(-23)?
1
Suppose 0 = -112*k + 98*k + 70. Suppose 3*h - 109 + 857 = t, -3*t + 2244 = k*h. What is the units digit of t?
8
Let v = 2233 + -1477. Suppose -14*w - v = -17*w. What is the tens digit of w?
5
Let k(d) = -d**3 + 8*d**2 - 9*d + 9. Let g be k(3). Suppose -13884 = -g*s + 20757. What is the thousands digit of s?
1
Suppose -74*n + 84 = -62*n. Let k(a) = a**2 + 8*a - 20. What is the units digit of k(n)?
5
Let j = -27640 - -43223. What is the hundreds digit of j?
5
Let u(m) = -4*m + 55. Let y(j) = j**2 + j + 1. Let n be y(3). Let b be u(n). Suppose -b*i = -140 - 223. What is the units digit of i?
1
Suppose 0 = 3*x + 2*k - 49356, 65*x - k = 70*x - 82253. What is the ten thousands digit of x?
1
Let r = 4089 + -3487. What is the tens digit of r?
0
Let m(y) = -4*y**2 - 13*y + 6. Let c be m(-8). Let b = c - -100. Let d = 81 + b. What is the tens digit of d?
3
Let i be 0 + (-3 + 0)*14. Suppose 3*p = -2*l + 827, -2*l + 281 = -14*p + 15*p. Let t = p + i. What is the units digit of t?
1
Let b(z) = -239*z + 549. What is the ten thousands digit of b(-64)?
1
Let i(p) = 2*p**3 - p**2 + 3*p - 2. Let t be i(2). What is the thousands digit of 21472/t*(4 + -3)?
1
Suppose -3*d - 10 = g, 2*g - 19 = 2*d - 7. Let x(i) = 207*i**2 - 8*i + 23. What is the units digit of x(g)?
5
Let h = -936 - -940. What is the tens digit of 2034*(h + 50/(-15))?
5
Let t = -10064 + 29783. Suppose -11*w = -32*w + t. What is the tens digit of w?
3
What is the ten thousands digit of 2944158/105 - 1 - 9/15?
2
Let p(d) = -75559*d - 102. What is the units digit of p(-1)?
7
Let f(l) = -5 - 5 + 15 + 7 - 9*l - 1. What is the units digit of f(-5)?
6
Suppose -29 = -3*u - 0*j - 2*j, -3*u - j = -31. Suppose -647 - 277 = -u*q. Suppose d - 3*k + 168 = 3*d, 0 = d - 2*k - q. What is the tens digit of d?
8
Let o(n) = 69*n**2 + 54*n - 285. What is the hundreds digit of o(5)?
7
Let g = -956 - -484. Let l = -358 - g. What is the tens digit of l?
1
Suppose -2727*u + 2747*u - 312420 = 0. What is the hundreds digit of u?
6
Suppose -9*p = 3*b - 11*p - 8, -2*p = -2*b + 4. Suppose b*o + 0*o = 144. What is the tens digit of o?
3
Let d(g) = -110*g - 76. What is the thousands digit of d(-73)?
7
Suppose 5*t + 2*z - z = 430, -2*z = 2*t - 172. Let x = 189 - t. Let c = x + 42. What is the hundreds digit of c?
1
Let d(o) = 45*o**2 + 67*o - 1110. What is the hundreds digit of d(19)?
4
Suppose 0 = -2*i - 2 + 4, 2*a = -2*i + 6. Suppose 4*t - 88 = -a*c, -3*t - 2*t - 65 = -c. What is the units digit of c?
0
Let v be 46 - ((-20)/(-6) - (-12)/18). Suppose v*u - 2784 = -4*y + 41*u, -3*y - 3*u + 2079 = 0. What is the hundreds digit of y?
6
Let o be 4/((-8)/(-78)) - 4. Suppose -o*w = -32*w - 15. Suppose 2*k = -2*u + 234, -4*u - 169 = w*k - 751. What is the units digit of k?
4
Let k(h) = 20*h**2 + 132*h - 35. What is the tens digit of k(12)?
2
Suppose -s = -2*d - 10053, -4*s = -184*d + 188*d - 40152. What is the units digit of s?
3
Let o = 188